 -2*w = -4*o + 3416. What are the prime factors of o?
3, 5, 19
Let i(q) = -2*q**3 - 29*q**2 + 20*q + 26. List the prime factors of i(-17).
3, 13, 29
Suppose v + 909 = a + 2*v, 0 = 3*v - 6. What are the prime factors of a?
907
Let q(y) = 2*y - 10. Let l be q(6). Suppose -2*h = -l*x + 218, 5*h - 212 = -3*x + 123. Suppose 4*s = 46 + x. What are the prime factors of s?
3, 13
Let i be (34/(-8))/(14/168). Let d = i + 113. What are the prime factors of d?
2, 31
Suppose 0 = 9*x - 8*x - 21. Let c = 18 - x. List the prime factors of 114/((c - -2) + 3).
3, 19
Let r = -112 + 631. List the prime factors of r.
3, 173
Let m be 2 + (2 + -3 - 2). Let x be 0 - m - 12/12. Suppose 2*p - 4*p - 2*k + 32 = 0, x = 4*p + 3*k - 59. What are the prime factors of p?
11
Let h(x) = -11. Let c(t) = -t. Let o(v) = -c(v) - h(v). Let f be o(-9). Let n = 1 + f. What are the prime factors of n?
3
Let j(a) = a**2 - 24*a - 11. What are the prime factors of j(-13)?
2, 5, 47
Let n be (68/(-15))/(-4) - (-6)/(-45). List the prime factors of 3 - (-6 + 0 + n).
2
Let x(j) be the second derivative of -j**5/20 + 3*j**4/4 - 4*j**3/3 - 2*j**2 + 13*j. What are the prime factors of x(6)?
2, 7
Suppose -f + 84 = 201. Let b = 213 + f. List the prime factors of b.
2, 3
Suppose 2*l = -l. Let b(x) = x + 14 + 5*x**2 - 2*x**2 - 2*x**2. What are the prime factors of b(l)?
2, 7
Suppose -18*p = -8*p - 21420. What are the prime factors of p?
2, 3, 7, 17
Suppose -5*x - 25 = -7*a + 2*a, -a - 5*x - 7 = 0. Suppose 5*r + a = 2*k, 5*k = 5*r + 27 + 18. Suppose 0 = n - k - 9. List the prime factors of n.
23
Let f be (-1 + 5)/((-12)/(-6)). Let l = 4 - f. Suppose -85 = -4*m + 5*x, -l*m - 5*x = m - 55. What are the prime factors of m?
2, 5
Let n(u) be the first derivative of 2*u**3/3 - 5*u**2/2 + 4*u - 2. What are the prime factors of n(-7)?
137
Let m(t) = t**3 + 5*t**2 + 2*t - 5. Let b be m(-4). Suppose -6*j = 5 - 17. Suppose 0 = j*p + b*p - 115. What are the prime factors of p?
23
Let k = 2 + 4. Suppose k = f + 2. Suppose 5*h + 4*d = 77, -3*h + f*h - d = 10. List the prime factors of h.
13
Let n = 3361 + -1989. What are the prime factors of n?
2, 7
Let i(m) = 7*m + 333. What are the prime factors of i(0)?
3, 37
Let l be (6/(-4))/(1/(-2)). Let m be l/(4 + -1) - -29. Let y = m + -18. What are the prime factors of y?
2, 3
Let z(p) = 4*p**2 + 35*p - 219. List the prime factors of z(21).
2, 3, 5, 19
Let r be 10/16*-2*-4. Suppose u + r*s + 7 = -0*u, -2*s = 3*u - 5. Suppose 128 = u*p + p. What are the prime factors of p?
2
Suppose 2*s - 2044 = -q, -2*s - 2*q + 2024 = 4*q. What are the prime factors of s?
2
Let n(y) = y**2 - 63*y + 76. List the prime factors of n(65).
2, 103
List the prime factors of (-62880)/64*(-5)/(45/12).
2, 5, 131
Suppose -2*c + h = -31, c - 2*h - 2*h - 5 = 0. Suppose 2*f - 108 = -2*f. Suppose -d = 3*n - c, 2*n - f = -3*d + n. List the prime factors of d.
2
Suppose 4*z + 8 = 2*g, -2*z - 2*z = 4*g - 16. Let c be (z - -2)/((-8)/(-92)). Let d = -16 + c. List the prime factors of d.
7
Suppose -3*q - 7632 = -8*q - 4*n, -2*q + 3060 = 4*n. What are the prime factors of q?
2, 3, 127
Let p(x) = 2*x + 16. Let l be p(-9). Let c = l + 4. Suppose 0 = -c*y + 34. List the prime factors of y.
17
Suppose 0 = 4*o - 111 - 45. Let t = -16 + o. Let w = -19 + t. What are the prime factors of w?
2
List the prime factors of 2/5*15 - -130.
2, 17
Suppose 5*n + 3*i - 2673 = 0, -2*i - 545 = -n - 0*n. List the prime factors of n.
3, 179
What are the prime factors of 1335/((-14)/(336/(-36)))?
2, 5, 89
Let p(d) = -d**3 + 5*d**2 - 4*d + 4. Let c be p(4). Let w = 472 + -459. Let u = w - c. What are the prime factors of u?
3
Suppose 5*a - 14 = 6*a. Let n(s) = -2*s**2 - 15. Let h be n(4). Let i = a - h. What are the prime factors of i?
3, 11
Let f be (-12)/(-14)*14/(5 - 7). What are the prime factors of f*(-2)/28 - (-540)/14?
3, 13
Suppose 2*r - 150 = 8*r. Let y = r - -88. What are the prime factors of y?
3, 7
Suppose -4*i = -1 - 7. Let m = i - -3. Suppose m*h = -0*a + 4*a - 99, 4*h = 4*a - 100. List the prime factors of a.
2, 13
Let a(s) = -s + 1. Let g(l) = 8*l - 9. Let v(r) = -36*a(r) - 4*g(r). What are the prime factors of v(6)?
2, 3
Let c = 375 - -557. What are the prime factors of c?
2, 233
Let i be 76/24 + 1/(-6). Let s(h) = h**3 - 3*h**2 + h + 1. Let m be s(i). List the prime factors of (-6 - 7)/((-2)/m).
2, 13
Let x be ((-2 - -5) + -2)/((-1)/83). Let d = -27 - x. What are the prime factors of d?
2, 7
List the prime factors of 85356/42 - 10/35.
2, 127
Suppose 11 = 3*f - 2*d - 5, 0 = -3*f - 5*d - 19. Suppose -4*u + f*z + 62 = 0, 5 = z + 4*z. What are the prime factors of u?
2
Suppose 8*u + 688 = 10*u. Suppose 0 = -8*g + 1792 - u. What are the prime factors of g?
181
Let d(r) be the third derivative of r**5/60 + r**4/12 + 3*r**3 - 16*r**2. List the prime factors of d(-6).
2, 3, 7
Suppose 0 = 3*q - 5*q + 16. Let l = q - -9. List the prime factors of l.
17
Suppose b = 4*c + 10, 3*c = -2*b - 2*b + 2. Suppose -3*x + 4*s - 6 = -0*x, 5*x + b*s - 16 = 0. List the prime factors of x.
2
Let p(d) = -d**2 + 4*d + 60. Let z be p(10). Suppose 2*f + 2*f = 56. Let k = f + z. List the prime factors of k.
2, 7
Let g = 11 + -7. Suppose -90 - 222 = -g*u. Suppose l - u = -l. List the prime factors of l.
3, 13
Let l = 123 + 47. List the prime factors of l.
2, 5, 17
Suppose o + 4*b + 17 = -0*o, 0 = -2*b - 2. Let h = 13 + o. Suppose h = 5*r - 8*r + 132. List the prime factors of r.
2, 11
Let c = 118 - -468. List the prime factors of c.
2, 293
Let m be -14*1*(-13 - 4) + 1. Let x = m - 100. List the prime factors of x.
139
Suppose 2*f - f = 3*k - 7, 0 = -f + 5. Suppose k*u = 3*u + 20. What are the prime factors of u?
2, 5
Suppose -16*k + 18*k = 132. Let f be (-1 - -6)*20/25. Suppose -30 - k = -f*v. List the prime factors of v.
2, 3
Let n(l) = 9*l + 267. Let m be n(-14). Suppose 21 + 186 = 3*k. Let t = m - k. List the prime factors of t.
2, 3
Suppose 156 = -4*b - 5*z - 92, -z - 264 = 4*b. Let r = b - -209. Suppose -2*m + r = 4*h, 0*h + 3*m - 77 = -2*h. What are the prime factors of h?
2, 17
Let v(b) = -b**2 - 16*b - 25. Suppose -5*q - 9 = -c, -5*c - 16 = -2*q + 8. List the prime factors of v(c).
5, 7
Suppose -4*m = -3*d - 483, d = 4*m - 2*m - 243. Let f = -59 + m. List the prime factors of f.
2
List the prime factors of (-4)/(-14) + 4140/14 + -4.
2, 73
Let o(q) = -q**3 - 9*q**2 - 11*q - 13. Let k be o(-8). Suppose 0 = -k*u + 6*u + 660. What are the prime factors of u?
2, 3, 11
Let q(f) = -2*f**2 + 13*f + 8. Let k be q(7). List the prime factors of (k - -14)*(-12)/(-36).
5
Let r(h) = h**3 - 7*h**2 + 74*h. List the prime factors of r(13).
2, 13, 19
Let q = 37 - -901. List the prime factors of q.
2, 7, 67
Let t be ((-80)/50)/((-2)/505). Suppose -5*v + 422 + t = -2*x, 507 = 3*v - 5*x. Let p = v - 98. List the prime factors of p.
2, 3, 11
Suppose -2*s + 89548 = 59*s. What are the prime factors of s?
2, 367
Let g be (48/(-15))/(2/10). Suppose 5*j + b - 109 = 0, -86 = -4*j - b - b. Let v = j + g. List the prime factors of v.
2, 3
Let r(m) = -5*m - 2. Suppose -5*z + 2 = 7. Let s be r(z). Suppose -3*f - s*t = -36, -2 = -2*t + 2. List the prime factors of f.
2, 5
Suppose 2*u - 20 = -2*u, -2*u = -2*n + 844. List the prime factors of n.
7, 61
Let g be (-21)/(-4) - (-1)/(-4). Let c(o) = o**2 + 11. Let h(f) = -f**2 - f - 10. Let r(p) = g*c(p) + 6*h(p). What are the prime factors of r(-4)?
3
Let c(b) = 16*b**2 + b + 20. List the prime factors of c(-5).
5, 83
Let v = 1 - -20. Suppose 4*r = -7*h + 4*h + 17, 5*r = -4*h + v. Suppose -r*l - 50 = -a, -2*l + 250 = -2*a + 7*a. What are the prime factors of a?
2, 5
Suppose 4*l = 5*q - 8*q + 21, 5*l = -2*q + 28. Suppose -2*g = -3*x + 2*x - 426, 3*x + l = 0. What are the prime factors of g?
2, 53
Suppose -2*s = 4*i - 2954, -98 = -5*s - 4*i + 7263. List the prime factors of s.
13, 113
List the prime factors of (2228/16)/((-12)/(-48)).
557
Suppose s + 5*w - 112 = -15, 5*s + w - 437 = 0. Suppose -3*y + 249 = 3*v, -v - 73 = -2*y + s. List the prime factors of y.
3
Let x(m) = m**3 - 13*m**2 + m - 7. Let d be x(13). Let s be (-2)/d*(-221 + -1). Suppose -5*q + s = -91. What are the prime factors of q?
3, 11
Suppose -9*f + 463 + 8033 = 0. What are the prime factors of f?
2, 59
Let q(a) = -a**3 + 14*a**2 - 13*a - 6. Let m = 3 + 9. Li